test common divisor of 11 and n?
11
Suppose -c - 5*n + 16 = 0, 2*n = 2*c - 0 + 4. Suppose -6 = -k - v - c, 5*v = -5. Suppose 3*x = 24 + k. What is the highest common factor of 5 and x?
5
Let k = -257 - -286. Calculate the greatest common factor of k and 29.
29
Suppose -v - 10 = -3*s, 11 + 1 = 5*s + 3*v. Suppose 2*z = 3*z. Suppose 0 = -z*h - 3*h + 9. What is the highest common factor of s and h?
3
Suppose -t + 2 = 0, -t = 30*u - 26*u - 1566. Calculate the highest common factor of 23 and u.
23
Suppose 23 = 6*g - 13. Calculate the greatest common divisor of g and 7.
1
Suppose 0 = a + 3*r - 117, 0 = 5*a - a + 2*r - 468. Let y be 15 + ((-8)/6)/(16/24). Calculate the highest common factor of a and y.
13
Suppose 0 = 4*f + 7*f - 407. Let m = 55 - f. Let l be 45/(-6)*(-10 + -2). What is the greatest common factor of l and m?
18
Suppose w + 2*s = -3*w + 6, 0 = 4*w - s - 9. Let a be 6 + (-4)/(-5)*(-35)/14. What is the highest common divisor of a and w?
2
Let s(l) = 8*l - 18. Let j be s(16). Let u = 44 + -22. What is the greatest common divisor of j and u?
22
Let k be (4 + 5 + -9 - 1)*-12. Let s = -58 - -190. Calculate the greatest common divisor of s and k.
12
Suppose -32 = 3*d + 2*u + 23, 0 = 4*d - u + 55. Let c = d + 17. Calculate the greatest common divisor of 22 and c.
2
Let g be (-285)/2*20/(-6). What is the highest common divisor of 50 and g?
25
Suppose -q - 216 = -5*v, 9 - 149 = -3*v - 2*q. Let l = 3632 + -3456. What is the greatest common factor of v and l?
44
Let v be (0/(2 - 3))/(-2). Suppose 5*y - 5*z - 465 = 0, 4*z = 2*y - v*y - 192. What is the greatest common divisor of y and 5?
5
Suppose -3313*p = -3319*p + 42. Let k(b) = b**3 - b**2 + b + 35. Let h be k(0). Calculate the greatest common divisor of h and p.
7
Let v be (-4 + 2 - -1)*15. Let b = -17 - v. Let t be (-2 - b/1) + 42. What is the highest common divisor of 21 and t?
21
Let l be (0 + 4 - 1) + 243 + -70. What is the highest common factor of l and 16?
16
Suppose -26 = s + 5*q - 73, 0 = -s - 4*q + 48. What is the greatest common divisor of 4 and s?
4
Suppose 4*c + 16 = 0, -5*s + 4*s - 5*c + 26 = 0. Let v(t) = -2*t**3 - 10*t**2 + 2*t - 90. Let r be v(-7). Calculate the greatest common factor of s and r.
46
Suppose 62*p - 68*p = -1368. What is the highest common factor of p and 12?
12
Let h be 14/21*(-6)/(-4). Suppose 2*c - h = c. What is the greatest common factor of c and 9?
1
Let f = 53 - 20. Let a = f + -20. Calculate the highest common factor of a and 13.
13
Let j(p) = 19*p**3 + p**2 - p - 1. Let m be j(2). Let h(f) = -7*f + 465. Let r be h(64). Calculate the highest common factor of r and m.
17
Let u be (-2)/15*9*-25. Let k be u*2*(-1)/(-4). Calculate the greatest common divisor of k and 10.
5
Let t = 10 - -17. Suppose 68 - 758 = -2*n. Let m = n - 318. Calculate the greatest common factor of t and m.
27
Suppose -2 = -2*c - 0. Let k be 2*(3*6 - c). Let w = 69 - k. Calculate the greatest common factor of 7 and w.
7
Let w = 31 + -21. Suppose 180 = 17*y + y. What is the highest common divisor of w and y?
10
Suppose 760 = 59*h - 39*h. Calculate the greatest common factor of 1178 and h.
38
Suppose -2*b + 0*b + 8 = -2*l, 5*b = 3*l + 20. Let r be 6/b - 1230/(-12). What is the highest common divisor of r and 13?
13
Suppose -2*h - 1 = -4*h - 5*j, 2*j + 2 = 0. Suppose -h = -l - 2*l. Let s be (1 - -25)/l + 2. What is the greatest common factor of s and 4?
4
Let j = 250 - 239. What is the highest common factor of j and 275?
11
Suppose 3*k + a = -37, -a + 11 = -k - 0. Let t be 2 - (6 - 3) - k. Let z be (-20)/190 + (-3348)/(-38). Calculate the greatest common factor of t and z.
11
Let v be 198/3*(1 + 0)/3. Suppose 3*z - 160 + v = 0. What is the highest common factor of z and 506?
46
Let z be 1118/2 + 6 + -15. What is the highest common factor of 2 and z?
2
Let j(u) = u**2 - 7*u + 11. Let t be j(5). What is the highest common divisor of 8 and t?
1
Suppose -4*k + 6 = -6. Let c = 217 + -147. Let d = -46 + c. What is the greatest common divisor of k and d?
3
Let d(t) be the first derivative of t**3/3 + 15*t**2/2 - 14*t + 2. Let n be d(-17). Calculate the greatest common factor of n and 40.
20
Suppose 3*z = -2*p + 57, 2*p = z + 4*p - 19. Let f = -5 + z. What is the highest common divisor of 7 and f?
7
Let d be (4/(-10))/1*-85. Suppose -540 = -9*s - s. Let c = 31 + s. What is the highest common factor of c and d?
17
Let h = -88 - -376. Let l = 58 + -22. What is the highest common divisor of l and h?
36
Suppose 53*g - 50*g - 1280 = -5*j, -3*g - 533 = -2*j. What is the greatest common factor of j and 21?
7
Let h be 0 - -1*20/2. Suppose -l - 6*g + 2*g - 19 = 0, 0 = 5*l + 3*g + h. Let c(b) = -b + 8. Let z be c(4). What is the highest common divisor of l and z?
1
Let o be (288/(-21))/(34/(-119)). Calculate the greatest common divisor of o and 12.
12
Let l be ((-45)/27)/(1/3). Let u be (-2)/l - (-84)/(-10). Let v be (-1)/(-4) + (-1670)/u. Calculate the greatest common factor of 19 and v.
19
Suppose r + 0*r - 362 = 0. Let t be (-11)/55 - r/(-10). Suppose -3*i = 3, t = 2*c + 2*i + 2*i. What is the greatest common divisor of c and 10?
10
Let o be 4/8*(2 + -2). Suppose -3*i + o*i + 84 = 0. What is the highest common factor of i and 224?
28
Suppose 0 = 4*h + 12, 0 = w - 5*h - 4 - 13. Suppose v = 1, -2*v - 14 + 2 = -w*n. Suppose -6*b = -n*b + 75. What is the greatest common factor of b and 30?
15
Let l be (84/70)/(3/(-90)*-1). Let k be (12/10)/(8/840). What is the highest common divisor of k and l?
18
Let a be (-2)/(-9) + (-76)/72*-32. What is the highest common factor of a and 119?
17
Let x be (-7)/(-1)*-8*(-12)/56. Suppose -b + 2*b - w - 29 = 0, 4*b - w = 101. What is the highest common factor of b and x?
12
Suppose -258*u - 12 = -264*u. Calculate the greatest common divisor of u and 14.
2
Let i(f) be the first derivative of -f**4/2 - 13*f**3/3 + 7*f**2/2 + 14*f - 27. Let r be i(-7). Calculate the highest common factor of r and 2.
2
Suppose 31*l = 16*l + 390. Calculate the greatest common divisor of l and 1053.
13
Let k(n) be the first derivative of -2*n**4 - n**3/3 - n**2 - 2*n + 5. Let p be k(-1). What is the greatest common factor of 7 and p?
7
Let h = 16 + -9. Let p = 18 - h. Suppose -2*o + 263 = -3*z, -3*o - 215*z + 210*z + 328 = 0. Calculate the highest common divisor of p and o.
11
Let n = 230 - 212. Calculate the highest common divisor of 2826 and n.
18
Suppose 4*n + 0*h - 34 = 2*h, -29 = -4*n + h. Suppose -n = -6*k + 6. Calculate the greatest common factor of k and 6.
2
Let v(a) = -3*a + 144. Let u be v(13). What is the highest common factor of u and 84?
21
Suppose 0 = d - 1, -5*i - 230 = 2*d - 897. What is the highest common factor of 95 and i?
19
Let o(r) = 4*r**2 + 10*r - 36. Let d be o(3). Calculate the highest common divisor of 6 and d.
6
Let j = -804 + 1497. What is the highest common factor of j and 308?
77
Let o(n) = -3*n + 14. Let j(z) = z - 7. Let w be (2 + -14 + -2)/2. Let s(k) = w*j(k) - 3*o(k). Let d be s(0). What is the greatest common divisor of 28 and d?
7
Let q = -1166 - -1177. What is the highest common divisor of 1837 and q?
11
Suppose 30 = 4*p + p. Suppose 1 - 13 = -4*g. Suppose -t + 0*c + c = -2, -3*c = g*t - 30. What is the highest common divisor of t and p?
6
Let p be (-19)/((-57)/504) + 8. What is the greatest common factor of p and 44?
44
Suppose -66 = -29*i + 115 + 283. Suppose 4*u = 3*g + u, -2*u = -5*g. Suppose g*m - 128 = -2*m. What is the greatest common divisor of i and m?
16
Suppose 5*j = -2*l + 18, -5*j = -2*l - 190 + 168. What is the greatest common factor of 128 and j?
4
Suppose -3*q + 3 = 0, h = -2*q - 0*q + 2. Suppose 3*t + 2*k + h*k = 118, -3*t = -2*k - 122. Calculate the highest common divisor of t and 5.
5
Let h be 4 - (0 + 2 + -4). Let b = h + -3. Suppose 7*c = 4*c + a + 71, 0 = -2*c - b*a + 51. What is the highest common divisor of c and 168?
24
Suppose -9*f + 260 = -955. Calculate the greatest common factor of 30 and f.
15
Let z = 52 + -43. What is the highest common divisor of 81 and z?
9
Suppose 2*a = -5*v - a + 24, -5*a + 15 = 0. Let i = 461 - 458. Calculate the greatest common factor of v and i.
3
Let t = 3 + 12. Let j be (-8)/(-6)*(t + 3). What is the greatest common divisor of 6 and j?
6
Suppose 72 = 2*h + 2*h - 4*j, -9 = -3*j. Let l = 26 - h. Let c